culate the greatest common divisor of 142 and h.
2
Let d be ((-27)/(2673/264))/((-2)/(-132)*-1). Calculate the greatest common factor of 112 and d.
16
Let f be 23/(1035/(-2214))*-25. Calculate the greatest common factor of f and 30.
30
Suppose v = 4*w - 413, v - 403 = -6*w + 2*w. What is the greatest common divisor of 867 and w?
51
Let m = 3682 + -3607. Calculate the greatest common factor of 7050 and m.
75
Let i be 601 - (-14)/77*-11. Calculate the highest common factor of i and 1.
1
Suppose 749*j = 772*j - 8050. What is the highest common factor of j and 4445?
35
Let k be (-14)/(-35) - 9492/30. Let w = -226 - k. Calculate the highest common divisor of w and 135.
45
Let d(h) = -10*h**3 + 291*h**2 - 22*h - 14. Let j be d(29). What is the greatest common divisor of 343 and j?
7
Suppose 4*k = -2*r - 3344, -1660 = 2*k + 66*r - 62*r. Let x = k + 884. What is the highest common factor of x and 46?
46
Let v = -9779 + 9787. What is the greatest common factor of v and 52?
4
Let p(c) = -6*c + 162. Let w be p(22). Suppose 4*v - 921 + 18 = -3*z, 0 = 4*v - z - 899. Suppose q - v = -2*q. Calculate the greatest common divisor of w and q.
15
Let l(u) = 355*u - 4987. Let j be l(77). Calculate the highest common factor of 906 and j.
302
Let o = -3424 + 3433. Calculate the highest common divisor of o and 4995.
9
Suppose 315*a = 318*a - 135 - 45. What is the highest common factor of 645 and a?
15
Let g be (-276631)/(-203) + 12/(-7) - (1 - 2). What is the highest common divisor of g and 24?
6
Suppose 4*i - 5*s - 8614 = 0, 17*i = 23*s - 22*s + 36488. What is the highest common factor of i and 592?
74
Suppose -94*g + 12 = -91*g. Let x be (-3)/(-4) - (5 - 4577/g). What is the highest common factor of 60 and x?
60
Suppose -32*s + 48*s = 5*g + 397, -4*s - 5*g + 43 = 0. Let v(c) = -296*c + 2. Let z be v(-2). What is the highest common factor of s and z?
22
Suppose -2*q - 12705 = -3*g, -7*g - 16968 = -11*g - 2*q. What is the highest common divisor of 54 and g?
27
Let j be 15*(45/35 - (-6)/(-21)). Suppose -4*u = u + j, -3*a + 63 = -3*u. Calculate the highest common divisor of 162 and a.
18
Let p = 160 + -171. Let s(u) = 3*u + 84. Let k be s(p). What is the highest common divisor of 561 and k?
51
Let m(t) = 13*t**3 - t + 1. Let y be m(1). Let r(a) = -3*a**2 + 53*a + 11. Let l be r(16). Calculate the highest common divisor of l and y.
13
Let c(z) = 46*z**2 - 16*z**2 - 18*z**2 - 14*z**2 + 229*z**3 + z. Let q be c(1). Calculate the greatest common factor of 57 and q.
57
Suppose 4*y - 2*o = 38, -2*o = y - 1 - 6. Let d(c) = -36*c - 24. Let a be d(-1). Calculate the highest common divisor of y and a.
3
Let i = -2546 + 6609. What is the greatest common divisor of i and 17?
17
Let q(s) = -5*s + 62. Let d(u) = u - 16. Let j(g) = -9*d(g) - 2*q(g). Let a be j(3). Calculate the greatest common divisor of 575 and a.
23
Let t be (-10)/(-4)*(-3408)/(-20). Let f = t + -390. Let c be (-1)/4 - 111/(-12). What is the highest common factor of c and f?
9
Let z be (-1 + 3)/(4/(-10)). Let i = 14994 - 15022. Let s = z - i. Calculate the highest common divisor of s and 69.
23
Let b be (-9)/2*(0 + -2). Suppose 0 = 2*a + a - b. Suppose a*u = -w + 15 + 80, -5*u - 2*w = -160. What is the highest common divisor of u and 20?
10
Suppose -176 = 9*w - 761. Suppose 0 = -87*r + w*r + 6820. What is the greatest common divisor of r and 30?
10
Let b be (-9429)/(-2694) - ((-5693)/2 - -1). Calculate the greatest common divisor of 111 and b.
37
Suppose -n + 4701 = -2*x, -11*n = 20*x - 19*x - 51757. What is the greatest common factor of n and 5?
5
Let h be 6560/6 + (-48)/(-72). Calculate the highest common divisor of h and 16.
2
Suppose 0 = -13*k + 888 + 7146. What is the highest common factor of 6 and k?
6
Let n(f) = 6*f**3 - 2*f**2 + 8*f - 1. Suppose 16*r + 4 = 18*r. Let s be n(r). What is the greatest common factor of 11 and s?
11
Suppose -9 = -3*v - 36. Let n(m) = m**2 - 9*m + 31. Let i be n(v). Let p = i - 89. Calculate the greatest common divisor of 13 and p.
13
Let h(n) = -n**2 + 76*n + 908. Let k be h(-10). Calculate the highest common divisor of 11632 and k.
16
Suppose -69*b - 675 = -18*b - 66*b. What is the highest common factor of 2355 and b?
15
Suppose 2*a - 2*s = 2206 + 8786, -5*a + 27462 = -2*s. Calculate the greatest common factor of 60 and a.
30
Suppose -20*r + 21 = -139. Let q be (r/6)/((-46)/(-897)). What is the greatest common divisor of q and 143?
13
Let f(a) = -a**2 - 9*a - 2. Let r be f(-7). Let k be (-14)/(-21)*(-1 - -73). Let q be k/(0 + (-8)/(-20)). What is the highest common divisor of q and r?
12
Let o = 7637 - 7615. What is the greatest common divisor of o and 7942?
22
Let r(p) = -15*p**3 - 40*p**2 - 14*p - 3. Let h be r(-3). Calculate the greatest common factor of h and 48.
12
Suppose 3*a + 7*a = 20280. What is the greatest common divisor of a and 12?
12
Suppose 55*o - 34*o = 1260. Suppose 8 = 2*s - d, -9 = -s + d - 3. Calculate the greatest common factor of o and s.
2
Suppose -3*k = -2*b + 58, 6*k + 85 = 3*b + k. Calculate the highest common divisor of 875 and b.
35
Suppose 504*h - 195151 = 217625. Calculate the greatest common factor of 2709 and h.
63
Let i = -1210 - -1222. What is the highest common factor of 354 and i?
6
Suppose 0 = 17*f - 1020 - 136. Calculate the greatest common divisor of f and 612.
68
Suppose d + 30 = 7*d. Suppose -d*k - 2*z = -104, k - z = 6*k - 107. What is the highest common divisor of k and 2?
2
Suppose -2*m - a = -2, 1298 = -5*m - 2*a + 1308. Let q(z) = -2*z**3 - 9*z**2 - 8*z + 6. Let g be q(-6). Calculate the highest common divisor of m and g.
6
Let w = -294 - -48. Let v be w/(-8) - 12/(-48). Let z(r) = -5*r + 53. Let j be z(-8). What is the highest common factor of v and j?
31
Let x(a) = -17*a + 358. Let g be x(17). What is the greatest common factor of 552 and g?
69
Suppose 105 = 4*t - 211. Let o = t - 50. Let z = o - -6. Calculate the greatest common factor of 35 and z.
35
Let l = 21 - -167. Let n = -118 + l. Suppose 2*g + 18 = -2*c + n, 4*c - 76 = 3*g. Calculate the greatest common factor of c and 33.
11
Let z be -1 - -6*(110/4)/(-11). Let u be 7/((-224)/(-4)) - 350/z. What is the greatest common factor of u and 165?
11
Suppose 0 = -m - 5*c - 29, -m + 131 - 120 = c. Let b(o) = o. Let l be b(2). Suppose 0 = 2*g + l*g - 336. Calculate the highest common factor of m and g.
21
Let u(l) = 32*l**2 - 980*l + 153. Let h be u(37). Calculate the highest common factor of 604 and h.
151
Let n be (-588)/(-63) - (-4)/(-12). Calculate the highest common divisor of n and 1179.
9
Let z be 4 - (0 + -12 + 44/(-22)). Let r = 54 - 36. Suppose g - r = -0*g. Calculate the greatest common factor of g and z.
18
Let x be 227 + ((-75)/(-20))/(48/128). Calculate the greatest common factor of 11613 and x.
237
Let p = -10995 - -17148. What is the highest common factor of p and 14?
7
Let d(t) = 2*t**3 - 8*t**2 - 35*t - 77. Let f be d(9). What is the greatest common factor of f and 8151?
209
Suppose 0 = -233*f + 4425 + 3963. Let s be (-3)/(-12) + (-527)/(-4). Calculate the greatest common factor of f and s.
12
Let y = 6149 - 5590. What is the highest common divisor of 129 and y?
43
Suppose 13300 = -15*s + 26009 + 57116. Calculate the highest common divisor of 95 and s.
95
Let q = -12687 - -12792. What is the highest common divisor of q and 75?
15
Let o be (0 - 0)/(-1) + 137/1. Let r = 7 - o. Let f = r - -368. Calculate the greatest common factor of 34 and f.
34
Let u(b) = -17*b + 37. Let m be u(0). Let r(s) = 4*s - 111. Let n be r(m). Suppose c - 35 - 224 = 0. What is the greatest common divisor of c and n?
37
Let z(x) = x**2 + 240*x - 1381. Let m be z(6). What is the greatest common divisor of m and 5605?
95
Let q(b) = -15*b - 2. Let z be q(-2). Let f be (-62*(-9)/(-36) - -5)/(2/(-4)). What is the greatest common divisor of z and f?
7
Let s(b) = -b + 15. Let c be s(9). Let w = 30 - 12. What is the greatest common factor of w and c?
6
Suppose -9*z = -55 - 65 - 177. Calculate the greatest common divisor of 33 and z.
33
Suppose 3*v - 12 = o + o, 4*o + 38 = -v. Let g be (-798)/(-2)*(3/(-1))/o. Let b = -1 + 20. What is the highest common factor of g and b?
19
Suppose -569 = r + 5*s - 695, r + s - 98 = 0. Calculate the highest common factor of 52 and r.
13
Let m(s) = 255*s**3 + 27*s